?
9
What is the thousands digit of 9744026?
4
What is the units digit of 7975969?
9
What is the thousands digit of 332915?
2
What is the hundreds digit of 850577?
5
What is the millions digit of 3549829?
3
What is the thousands digit of 1291455?
1
What is the hundreds digit of 3097395?
3
What is the hundreds digit of 11020382?
3
What is the tens digit of 823610?
1
What is the ten thousands digit of 106041?
0
What is the hundreds digit of 949082?
0
What is the tens digit of 274173?
7
What is the thousands digit of 15963918?
3
What is the hundreds digit of 3671403?
4
What is the hundreds digit of 93078?
0
What is the hundreds digit of 29673?
6
What is the tens digit of 484376?
7
What is the ten thousands digit of 5267937?
6
What is the ten thousands digit of 163194?
6
What is the ten thousands digit of 176293?
7
What is the thousands digit of 9194762?
4
What is the thousands digit of 2780721?
0
What is the ten thousands digit of 893438?
9
What is the hundred thousands digit of 8896102?
8
What is the hundreds digit of 454812?
8
What is the units digit of 5241694?
4
What is the tens digit of 764807?
0
What is the units digit of 286469?
9
What is the millions digit of 2503176?
2
What is the tens digit of 482303?
0
What is the ten thousands digit of 1890173?
9
What is the hundreds digit of 194795?
7
What is the thousands digit of 1005193?
5
What is the thousands digit of 61786?
1
What is the units digit of 1703362?
2
What is the ten thousands digit of 411061?
1
What is the units digit of 3495242?
2
What is the units digit of 294369?
9
What is the hundred thousands digit of 1015570?
0
What is the thousands digit of 79087?
9
What is the hundred thousands digit of 534608?
5
What is the thousands digit of 3871106?
1
What is the ten thousands digit of 23387?
2
What is the millions digit of 6691914?
6
What is the hundred thousands digit of 4011807?
0
What is the hundreds digit of 7258309?
3
What is the tens digit of 174834?
3
What is the thousands digit of 388246?
8
What is the hundreds digit of 710526?
5
What is the hundred thousands digit of 6949295?
9
What is the millions digit of 1752686?
1
What is the thousands digit of 692935?
2
What is the units digit of 23234?
4
What is the hundreds digit of 149386?
3
What is the thousands digit of 438290?
8
What is the hundreds digit of 156725?
7
What is the tens digit of 9191112?
1
What is the hundred thousands digit of 3388168?
3
What is the thousands digit of 364816?
4
What is the ten thousands digit of 1282936?
8
What is the millions digit of 29937739?
9
What is the ten thousands digit of 1030681?
3
What is the millions digit of 32371722?
2
What is the ten millions digit of 12660803?
1
What is the units digit of 517579?
9
What is the units digit of 1651710?
0
What is the hundred thousands digit of 1289901?
2
What is the millions digit of 4168030?
4
What is the units digit of 6414176?
6
What is the units digit of 1448974?
4
What is the thousands digit of 2202110?
2
What is the thousands digit of 367968?
7
What is the ten thousands digit of 1530632?
3
What is the units digit of 9164?
4
What is the hundred thousands digit of 2905563?
9
What is the hundred thousands digit of 109410?
1
What is the hundreds digit of 538385?
3
What is the thousands digit of 255680?
5
What is the tens digit of 998544?
4
What is the ten millions digit of 13184179?
1
What is the thousands digit of 82513?
2
What is the tens digit of 477782?
8
What is the hundreds digit of 1391385?
3
What is the thousands digit of 14288419?
8
What is the ten thousands digit of 6745770?
4
What is the thousands digit of 4655482?
5
What is the ten thousands digit of 1184626?
8
What is the thousands digit of 1150154?
0
What is the units digit of 349399?
9
What is the hundreds digit of 2480413?
4
What is the hundred thousands digit of 1086666?
0
What is the hundreds digit of 70321?
3
What is the units digit of 1645190?
0
What is the ten thousands digit of 13634740?
3
What is the tens digit of 6298278?
7
What is the ten thousands digit of 220798?
2
What is the tens digit of 7521548?
4
What is the ten thousands digit of 9128703?
2
What is the hundred thousands digit of 396807?
3
What is the thousands digit of 65280?
5
What is the ten millions digit of 12646382?
1
What is the thousands digit of 1464592?
4
What is the ten thousands digit of 9709843?
0
What is the thousands digit of 1326645?
6
What is the thousands digit of 673347?
3
What is the hundreds digit of 15083085?
0
What is the hundred thousands digit of 162038?
1
What is the ten thousands digit of 429841?
2
What is the hundred thousands digit of 1311882?
3
What is the ten thousands digit of 398657?
9
What is the ten thousands digit of 5644514?
4
What is the ten thousands digit of 26891?
2
What is the units digit of 1459673?
3
What is the hundred thousands digit of 323998?
3
What is the millions digit of 4994805?
4
What is the tens digit of 25214?
1
What is the millions digit of 1314410?
1
What is the thousands digit of 31812?
1
What is the millions digit of 3012093?
3
What is the units digit of 3401715?
5
What is the tens digit of 309257?
5
What is the tens digit of 1896058?
5
What is the millions digit of 15532065?
5
What is the units digit of 102329?
9
What is the hundred thousands digit of 109611?
1
What is the thousands digit of 1301066?
1
What is the hundred thousands digit of 382041?
3
What is the hundreds digit of 231204?
2
What is the millions digit of 7423519?
7
What is the hundreds digit of 6612503?
5
What is the millions digit of 6270312?
6
What is the tens digit of 514782?
8
What is the units digit of 1035088?
8
What is the tens digit of 288225?
2
What is the hundreds digit of 8073102?
1
What is the millions digit of 2713085?
2
What is the units digit of 40106318?
8
What is the hundreds digit of 238914?
9
What is the ten thousands digit of 457055?
5
What is the thousands digit of 507738?
7
What is the tens digit of 73098?
9
What is the ten thousands digit of 1178385?
7
What is the ten millions digit of 19592940?
1
What is the ten millions digit of 17839975?
1
What is the units digit of 235132?
2
What is the hundreds digit of 480667?
6
What is the thousands digit of 385240?
5
What is the hundred thousands digit of 991265?
9
What is the hundred thousands digit of 22183709?
1
What is the millions digit of 1079442?
1
What is the ten thousands digit of 8506660?
0
What is the ten thousands digit of 7887017?
8
What is the units digit of 124684?
4
What is the hundreds digit of 3478379?
3
What is the hundreds digit of 44017?
0
What is the thousands digit of 83054?
3
What is the units digit of 266186?
6
What is the hundreds digit of 4001824?
8
What is the hundreds digit of 586087?
0
What is the hundred thousands digit of 7459447?
4
What is the units digit of 1053629?
9
What is the hundreds digit of 2732386?
3
What is the ten thousands digit of 192758?
9
What is the units digit of 2201043?
3
What is the tens digit of 44531?
3
What is the ten millions digit of 24557464?
2
What is the tens digit of 1091791?
9
What is the tens digit of 313861?
6
What is the thousands digit of 3093441?
3
What is the hundred thousands digit of 10642788?
6
What is the millions digit of 9149402?
9
What is the units digit of 213164?
4
What is the tens digit of 18481640?
4
What is the ten thousands digit of 89207?
8
What is the units digit of 20830?
0
What is the tens digit of 100020?
2
What is the hundred thousands digit of 1396902?
3
What is the hundreds digit of 35594891?
8
What is the hundred thousands digit of 2460254?
4
What is the tens digit of 586285?
8
What is the ten thousands digit of 1981677?
8
What is the tens digit of 1913135?
3
What is the thousands digit of 259111?
9
What is the ten thousands digit of 6794008?
9
What is the hundred thousands digit of 855417?
8
What is the units digit of 5513429?
9
What is the hundred thousands digit of 1410569?
4
What is the ten thousands digit of 1024799?
2
What is the hundred thousands digit of 6310918?
3
What is the ten thousands digit of 27842982?
4
What is the thousands digit of 9490?
9
What is the hundreds digit of 4325933?
9
What is the units digit of 3542993?
3
What is the hundreds digit of 1036403?
4
What is the thousands digit of 3206527?
6
What is the hundreds dig